 What is the remainder when 116 is divided by a?
26
Suppose 7*v + 3*b = 55, -5*b + 13 - 38 = 0. Calculate the remainder when 726 is divided by v.
6
What is the remainder when (96 - -1)*(2 + -1) is divided by (-30)/(-4) - (-387)/258?
7
What is the remainder when 99171/189 - (-8)/28 is divided by 22?
19
Let z(c) = -c**3 + 18*c**2 + 3*c - 9. Suppose 20*y + 720 = 50*y. Calculate the remainder when z(18) is divided by y.
21
Suppose 34*n = 1077 - 295. Suppose n*a - 2975 = -12*a. What is the remainder when 273 is divided by a?
18
Let a(d) = -4*d**2 - 81*d - 17. Let f be a(-20). Suppose -13*t = f*t - 160. What is the remainder when 598 is divided by t?
8
Suppose 14463 + 7646 = 25*f - 316. What is the remainder when f is divided by 10?
7
Suppose 0 = -2*l - 0 - 6, 5*c = -5*l - 15. Let t = c + 4. Suppose -2*p + 14 = t. Calculate the remainder when 5 is divided by p.
0
Suppose 228 = z - 4*c, -3*z + 3*c + 413 = -307. Let q = 11 + z. Calculate the remainder when q is divided by 66.
57
Suppose -v + 1 = -5*w + 10, 2*v = 3*w - 4. Calculate the remainder when (-7)/(-35)*685 + w/(-2) is divided by 14.
10
Let w = -3608 + 3639. Calculate the remainder when 186 is divided by w.
0
Let j(r) = 6*r**2 - 5*r - 449. Calculate the remainder when j(-19) is divided by 79.
74
Let t(x) = -394*x - 5059. What is the remainder when t(-17) is divided by 17?
7
Suppose 14*m = 54 - 12. Suppose -96 = m*r - r. What is the remainder when 2 - r/(-27) - 1652/(-18) is divided by 31?
30
What is the remainder when 1274 is divided by 38/(-57)*(-14)/(-4)*3*-2?
0
Suppose -5*h - 3*m = -55, 3*m = -h + 5*h - 44. Let k = -12 + 12. Suppose k*f + 4*f = 112. What is the remainder when f is divided by h?
6
Let n = 556 - 312. Suppose -4*u = -9*u - 5*g + 640, 0 = -2*u - 5*g + n. What is the remainder when u is divided by 45?
42
Suppose -y - o = -180, 2*y + 93 = -4*o + 461. Calculate the remainder when y is divided by 28.
8
What is the remainder when 326 is divided by (-9 - 53/(-3))*(-9)/(-3)?
14
Suppose 5*n - 3*t = -566, 2*n - 6*t = -2*t - 232. Let l = n - -199. What is the remainder when l is divided by 4/10 + 288/30?
7
Let m(u) = 31*u**3 - 4*u + 3. Let f = 206016 + -205980. Calculate the remainder when m(2) is divided by f.
27
Let n = -10329 - -10626. Calculate the remainder when n is divided by 11.
0
Let i = -477 + 248. Let p = -220 - i. Calculate the remainder when p is divided by 3.
0
Suppose -n + 4*h = 1 - 5, -5*n - 4*h + 92 = 0. Calculate the remainder when 34/(-204) + (-362)/(-12) is divided by n.
14
Let r(o) = -o + 38. Let b(i) = 38. Let p(g) = 6*b(g) - 4*r(g). Calculate the remainder when 6 is divided by p(-18).
2
Suppose 3*g - 491 = 226. Suppose -4*a + 285 + g = 0. Let n(b) = -b**2 - 50*b + 85. Calculate the remainder when a is divided by n(-51).
29
Suppose 2*a = 2*k + 144, 4*a + 4*k = -a + 405. Let r = 150 - a. What is the remainder when r is divided by 32?
9
Suppose -z - 13 = -2*z. What is the remainder when z is divided by (18/12 - 1)*(2 - -14)?
5
Suppose 3*n + 24*p - 20*p = 1554, n + 5*p = 529. Calculate the remainder when n is divided by 7.
3
Suppose 6*w + 21 = -15. Let g(t) be the third derivative of -t**4/4 - t**3/6 + 8*t**2. What is the remainder when g(w) is divided by 9?
8
Let d = 175 + -139. What is the remainder when 71 is divided by ((-3)/(d/123))/((-25)/100)?
30
Let k(f) = f**3 - 2*f**2 - 19*f - 5. Let b(l) = l - 6. Let q be b(2). Let g = 13 + q. Calculate the remainder when k(6) is divided by g.
7
Suppose -3*m + 153 = p + 10, 2*m - 82 = -4*p. Suppose 4*r + 3*w + 156 = 7*w, r + m = -4*w. Let s = 80 + r. What is the remainder when 193 is divided by s?
37
Let j be 12/(-36) + ((-11436)/9 - -3). What is the remainder when j/(-4 + 0) - -6 is divided by 84?
71
Suppose -2 = -4*q + 50. Let p = 394147 + -394141. Calculate the remainder when q is divided by p.
1
Suppose 0 = -26*m - 5452 + 14540 + 6304. What is the remainder when m is divided by 207?
178
Suppose -d - 6*d = -j - 760, -5*j = -d + 128. What is the remainder when 401 is divided by d?
77
Suppose -393*h = -380*h - 156. Calculate the remainder when 848 is divided by h.
8
Let f = 84 - 51. Suppose -4*i = 3*q - f + 34, -2*q - 5*i - 3 = 0. Calculate the remainder when (-4)/8*-6 + 4 is divided by q.
0
Suppose -24*d + 7*d = 0. Suppose -5*b + 6*b + 313 = 4*u, d = -3*u - b + 226. What is the remainder when 305 is divided by u?
74
Let l(h) = -h**3 - 13*h**2 + 16*h + 31. Let a be l(-14). Suppose 35 = a*r - 52. What is the remainder when 83 is divided by r?
25
Suppose -40*j + 2208 = d - 35*j, -8932 = -4*d + 5*j. Calculate the remainder when d is divided by 444.
8
Calculate the remainder when 769 is divided by (-373597)/(-1463) - 8/22.
4
What is the remainder when 5 + (10005 - (-20 + 32)) is divided by 100?
98
Suppose -33*n = -32 - 2 - 164. Suppose q = -h + 10, q - 4 - 38 = -5*h. Calculate the remainder when h is divided by n.
2
Let z be ((-864)/36)/((-2)/36). Suppose -47*b + 35*b + z = 0. Calculate the remainder when 284 is divided by b.
32
Suppose 14 = -2*k + 5*z, 0 = -2*k - 2*z - 3*z + 26. Suppose f + k*f = 404. Let m(s) = -38*s + 414. What is the remainder when f is divided by m(10)?
33
Suppose 5*a + 41 = b, -5*b - 5*a = -a - 60. What is the remainder when 551/19 - (-9)/(-3) is divided by b?
10
Suppose w + 4*o + 42 - 139 = 0, -2*o = 8. What is the remainder when -17 + 13 + 2*w is divided by 21?
12
Calculate the remainder when (210/(-18))/(1/(-48)) is divided by 17.
16
What is the remainder when 347 is divided by -2 - 2/(-3) - ((-1280)/24 - -2)?
47
Suppose -163*d + 114451 = -158*d + 3*y, 3*d + 3*y - 68673 = 0. Calculate the remainder when d is divided by 35.
34
Let r(w) = 41*w - 1586. What is the remainder when 6018 is divided by r(39)?
12
Let v(n) = 834*n - 6582. Calculate the remainder when 2172 is divided by v(8).
12
Let y(a) = -13*a + 727. Suppose -2*f = m - 3*m - 64, -f = -2*m - 32. What is the remainder when y(50) is divided by f?
13
Let j(c) = 438*c**2 - 70*c + 142. What is the remainder when j(2) is divided by 39?
38
Let z = -9581 + 9583. What is the remainder when 4 is divided by z?
0
Let g = -1966 + 1982. Suppose 5*f + 3*t = -0*f + 375, 292 = 4*f + 4*t. Calculate the remainder when f is divided by g.
14
Suppose -2*h + 3*j + 10037 = 0, 248*j = 247*j - 3. What is the remainder when h is divided by 59?
58
Let p(t) be the first derivative of -t**3/3 - 5*t**2/2 + 164*t - 106. What is the remainder when p(0) is divided by 42?
38
Suppose 3*p - 309 = 6. Let s = 44 + -17. Calculate the remainder when p is divided by s.
24
Suppose -190*x = -4726 - 17314. Calculate the remainder when 346 is divided by x.
114
Suppose 3378 = 8*k - 723 - 2267. Calculate the remainder when k is divided by 100.
96
Suppose 0 = -3*i - 2*m + 572, -m = -2*i - 2*i + 759. Let s = 248 - i. Suppose o + 62 = 3*o. What is the remainder when s is divided by o?
27
Let s(v) = 30*v - 12. Let y be s(4). Let c = 94 - y. Let w = 2 - c. Calculate the remainder when 75 is divided by w.
11
Let x = -8 + 12. Suppose 2 = 2*h - x*h. Calculate the remainder when 50 is divided by 112/6 + 6/9*h.
14
Suppose -18*h = 1542 + 1374. Let y = h - -168. Calculate the remainder when 29 is divided by y.
5
Let g = -5843 - -6370. Calculate the remainder when g is divided by 263.
1
Suppose -2*h = 3*m - 55 - 12, 2*m - 2*h = 28. Let y = 33 - m. Calculate the remainder when 48 is divided by y.
6
Let k be (-2)/(-2) + (2 - 3). Let o = -471 - -481. Suppose 2*w + k*n = -3*n - 6, 2*w + 4*n = -o. What is the remainder when 6 is divided by w?
0
Let f(q) = q**2 + 14*q + 33. Let p be ((-28)/(-10))/((-67)/335). Calculate the remainder when 65 is divided by f(p).
32
Suppose -1270*b - 136 = -1287*b. What is the remainder when 900 is divided by b?
4
Let l = 216 - 208. Suppose l*o = 13*o - 60. Calculate the remainder when 107 is divided by o.
11
Let o = 4181 - 4111. What is the remainder when 695 is divided by o?
65
Let y(h) = 3*h**2 + 60*h - 826. What is the remainder when y(12) is divided by 154?
18
Let x = 430 - 446. Calculate the remainder when 826/35 - x/(-10) is divided by 4.
2
Suppose 48 = 5*t + 68. Let j(p) = -16*p - 9. Suppose 0 = -12*b + 15*b - 42. Calculate the remainder when j(t) is divided by b.
13
Suppose 67*w + 46*w - 53133 = -4769. Calculate the remainder when 1724 is divided by w.
12
Let r(i) = -